{"id":15,"date":"2016-01-11T06:48:20","date_gmt":"2016-01-11T06:48:20","guid":{"rendered":"http:\/\/localhost\/plumberx\/?page_id=15"},"modified":"2024-10-27T13:05:34","modified_gmt":"2024-10-27T13:05:34","slug":"services","status":"publish","type":"page","link":"https:\/\/www.inova-bau.de\/index.php\/services\/","title":{"rendered":"Services"},"content":{"rendered":"<p>[vc_row type=&#8220;in_container&#8220; css=&#8220;.vc_custom_1460108083725{margin-top: 80px !important;margin-bottom: 80px !important;}&#8220;][vc_column width=&#8220;2\/3&#8243;][tt_pl_text_shortcode title=&#8220;\u00dcber 30 Jahre Erfahrung im Sanit\u00e4r und Heizungsbereich&#8220; title_size=&#8220;24&#8243; title_color=&#8220;#000000&#8243; subtitle=&#8220;Wir sind eine kleine Gruppe von Klempnern und Bauarbeitern. Wir k\u00f6nnen Ihnen bei Installationsproblemen und anderen Dienstleistungen im Zusammenhang mit Installationsarbeiten helfen.&#8220; subtitle_size=&#8220;18&#8243; subtitle_color=&#8220;#3d3d3d&#8220;]Sanit\u00e4r ist jedes System, das Fl\u00fcssigkeiten f\u00fcr eine Vielzahl von Anwendungen f\u00f6rdert. Heizen und K\u00fchlen, Abfallbeseitigung und Trinkwasserversorgung geh\u00f6ren zu den h\u00e4ufigsten Anwendungen f\u00fcr Sanit\u00e4rinstallationen, jedoch sind Sanit\u00e4rinstallationen nicht auf diese Anwendungen beschr\u00e4nkt. Bei der Installation werden Rohre, Ventile, Armaturen, Tanks und andere Ger\u00e4te zum F\u00f6rdern von Fl\u00fcssigkeiten verwendet. Gewerbe, die mit Klempnern arbeiten, wie Kesselbauer, Klempner und Rohrinstallateure, werden als Klempnerhandwerk bezeichnet.[\/tt_pl_text_shortcode][tt_pl_button_shortcode title=&#8220;Rufen Sie uns an: 040 750 635 33&#8243;][\/vc_column][vc_column width=&#8220;1\/3&#8243;][vc_single_image image=&#8220;467&#8243; img_size=&#8220;full&#8220; css=&#8220;.vc_custom_1459515658386{margin-bottom: 0px !important;}&#8220;][\/vc_column][\/vc_row][vc_row full_width=&#8220;stretch_row_content_no_spaces&#8220;][vc_column][\/vc_column][\/vc_row][vc_row full_width=&#8220;stretch_row_content_no_spaces&#8220;][vc_column][plumberx_featured_services title=&#8220;Kommerzielle \/ vorgestellte Dienstleistungen&#8220; servicelink=&#8220;true&#8220; posts_per_page=&#8220;4&#8243; background=&#8220;351&#8243;][\/vc_column][\/vc_row][vc_row][vc_column][plumberx_why_choose_us_section title=&#8220;Why Choose Us&#8220;][plumberx_why_choose_us title=&#8220;24\/7 Verf\u00fcgbarkeit&#8220; description=&#8220;Lorem ipsum dolor sit amet, consecte tur elit. Vestibulum nec dio ipsum suspe ndisse cursus.&#8220; img=&#8220;186&#8243;][\/plumberx_why_choose_us][plumberx_why_choose_us title=&#8220;Engagiertes Team&#8220; description=&#8220;Lorem ipsum dolor sit amet, consecte tur elit. Vestibulum nec dio ipsum suspe ndisse cursus.&#8220; img=&#8220;187&#8243;][\/plumberx_why_choose_us][plumberx_why_choose_us title=&#8220;Garantierte Zufriedenheit&#8220; description=&#8220;Lorem ipsum dolor sit amet, consecte tur elit. Vestibulum nec dio ipsum suspe ndisse cursus.&#8220; img=&#8220;188&#8243;][\/plumberx_why_choose_us][plumberx_why_choose_us description=&#8220;Lorem ipsum dolor sit amet, consecte tur elit. Vestibulum nec dio ipsum suspe ndisse cursus.&#8220;][\/plumberx_why_choose_us][\/plumberx_why_choose_us_section][\/vc_column][\/vc_row][vc_row full_width=&#8220;stretch_row_content_no_spaces&#8220;][vc_column][\/vc_column][\/vc_row]<\/p>\n","protected":false},"excerpt":{"rendered":"<p>[vc_row type=&#8220;in_container&#8220; css=&#8220;.vc_custom_1460108083725{margin-top: 80px !important;margin-bottom: 80px !important;}&#8220;][vc_column width=&#8220;2\/3&#8243;][tt_pl_text_shortcode title=&#8220;\u00dcber 30 Jahre Erfahrung im Sanit\u00e4r und Heizungsbereich&#8220; title_size=&#8220;24&#8243; title_color=&#8220;#000000&#8243; subtitle=&#8220;Wir sind eine kleine Gruppe von Klempnern und Bauarbeitern. Wir k\u00f6nnen Ihnen bei Installationsproblemen und anderen Dienstleistungen im Zusammenhang mit Installationsarbeiten helfen.&#8220; subtitle_size=&#8220;18&#8243; subtitle_color=&#8220;#3d3d3d&#8220;]Sanit\u00e4r ist jedes System, das Fl\u00fcssigkeiten f\u00fcr eine Vielzahl von Anwendungen f\u00f6rdert. Heizen und [&hellip;]<\/p>\n","protected":false},"author":1,"featured_media":0,"parent":0,"menu_order":0,"comment_status":"closed","ping_status":"closed","template":"","meta":{"footnotes":""},"class_list":["post-15","page","type-page","status-publish","hentry"],"yoast_head":"<!-- This site is optimized with the Yoast SEO plugin v27.5 - https:\/\/yoast.com\/product\/yoast-seo-wordpress\/ -->\n<title>Services - Inova Bau-Meisterbetrieb Handwerker Klempner Hamburg<\/title>\n<meta name=\"robots\" content=\"index, follow, max-snippet:-1, max-image-preview:large, max-video-preview:-1\" \/>\n<link rel=\"canonical\" href=\"https:\/\/www.inova-bau.de\/index.php\/services\/\" \/>\n<meta property=\"og:locale\" content=\"de_DE\" \/>\n<meta property=\"og:type\" content=\"article\" \/>\n<meta property=\"og:title\" content=\"Services - Inova Bau-Meisterbetrieb Handwerker Klempner Hamburg\" \/>\n<meta property=\"og:description\" content=\"[vc_row type=&#8220;in_container&#8220; css=&#8220;.vc_custom_1460108083725{margin-top: 80px !important;margin-bottom: 80px !important;}&#8220;][vc_column width=&#8220;2\/3&#8243;][tt_pl_text_shortcode title=&#8220;\u00dcber 30 Jahre Erfahrung im Sanit\u00e4r und Heizungsbereich&#8220; title_size=&#8220;24&#8243; title_color=&#8220;#000000&#8243; subtitle=&#8220;Wir sind eine kleine Gruppe von Klempnern und Bauarbeitern. Wir k\u00f6nnen Ihnen bei Installationsproblemen und anderen Dienstleistungen im Zusammenhang mit Installationsarbeiten helfen.&#8220; subtitle_size=&#8220;18&#8243; subtitle_color=&#8220;#3d3d3d&#8220;]Sanit\u00e4r ist jedes System, das Fl\u00fcssigkeiten f\u00fcr eine Vielzahl von Anwendungen f\u00f6rdert. Heizen und [&hellip;]\" \/>\n<meta property=\"og:url\" content=\"https:\/\/www.inova-bau.de\/index.php\/services\/\" \/>\n<meta property=\"og:site_name\" content=\"Inova Bau-Meisterbetrieb Handwerker Klempner Hamburg\" \/>\n<meta property=\"article:modified_time\" content=\"2024-10-27T13:05:34+00:00\" \/>\n<meta name=\"twitter:card\" content=\"summary_large_image\" \/>\n<meta name=\"twitter:label1\" content=\"Gesch\u00e4tzte Lesezeit\" \/>\n\t<meta name=\"twitter:data1\" content=\"2\u00a0Minuten\" \/>\n<script type=\"application\/ld+json\" class=\"yoast-schema-graph\">{\"@context\":\"https:\\\/\\\/schema.org\",\"@graph\":[{\"@type\":\"WebPage\",\"@id\":\"https:\\\/\\\/www.inova-bau.de\\\/index.php\\\/services\\\/\",\"url\":\"https:\\\/\\\/www.inova-bau.de\\\/index.php\\\/services\\\/\",\"name\":\"Services - Inova Bau-Meisterbetrieb Handwerker Klempner Hamburg\",\"isPartOf\":{\"@id\":\"https:\\\/\\\/www.inova-bau.de\\\/#website\"},\"datePublished\":\"2016-01-11T06:48:20+00:00\",\"dateModified\":\"2024-10-27T13:05:34+00:00\",\"breadcrumb\":{\"@id\":\"https:\\\/\\\/www.inova-bau.de\\\/index.php\\\/services\\\/#breadcrumb\"},\"inLanguage\":\"de\",\"potentialAction\":[{\"@type\":\"ReadAction\",\"target\":[\"https:\\\/\\\/www.inova-bau.de\\\/index.php\\\/services\\\/\"]}]},{\"@type\":\"BreadcrumbList\",\"@id\":\"https:\\\/\\\/www.inova-bau.de\\\/index.php\\\/services\\\/#breadcrumb\",\"itemListElement\":[{\"@type\":\"ListItem\",\"position\":1,\"name\":\"Home\",\"item\":\"https:\\\/\\\/www.inova-bau.de\\\/\"},{\"@type\":\"ListItem\",\"position\":2,\"name\":\"Services\"}]},{\"@type\":\"WebSite\",\"@id\":\"https:\\\/\\\/www.inova-bau.de\\\/#website\",\"url\":\"https:\\\/\\\/www.inova-bau.de\\\/\",\"name\":\"Inova Bau-Meisterbetrieb Handwerker Klempner Hamburg\",\"description\":\"Heizung- Luftung-Sanit\u00e4r- Handwerker-Meisterbetrieb-Ali Barmaksiz\",\"potentialAction\":[{\"@type\":\"SearchAction\",\"target\":{\"@type\":\"EntryPoint\",\"urlTemplate\":\"https:\\\/\\\/www.inova-bau.de\\\/?s={search_term_string}\"},\"query-input\":{\"@type\":\"PropertyValueSpecification\",\"valueRequired\":true,\"valueName\":\"search_term_string\"}}],\"inLanguage\":\"de\"}]}<\/script>\n<!-- \/ Yoast SEO plugin. -->","yoast_head_json":{"title":"Services - Inova Bau-Meisterbetrieb Handwerker Klempner Hamburg","robots":{"index":"index","follow":"follow","max-snippet":"max-snippet:-1","max-image-preview":"max-image-preview:large","max-video-preview":"max-video-preview:-1"},"canonical":"https:\/\/www.inova-bau.de\/index.php\/services\/","og_locale":"de_DE","og_type":"article","og_title":"Services - Inova Bau-Meisterbetrieb Handwerker Klempner Hamburg","og_description":"[vc_row type=&#8220;in_container&#8220; css=&#8220;.vc_custom_1460108083725{margin-top: 80px !important;margin-bottom: 80px !important;}&#8220;][vc_column width=&#8220;2\/3&#8243;][tt_pl_text_shortcode title=&#8220;\u00dcber 30 Jahre Erfahrung im Sanit\u00e4r und Heizungsbereich&#8220; title_size=&#8220;24&#8243; title_color=&#8220;#000000&#8243; subtitle=&#8220;Wir sind eine kleine Gruppe von Klempnern und Bauarbeitern. Wir k\u00f6nnen Ihnen bei Installationsproblemen und anderen Dienstleistungen im Zusammenhang mit Installationsarbeiten helfen.&#8220; subtitle_size=&#8220;18&#8243; subtitle_color=&#8220;#3d3d3d&#8220;]Sanit\u00e4r ist jedes System, das Fl\u00fcssigkeiten f\u00fcr eine Vielzahl von Anwendungen f\u00f6rdert. Heizen und [&hellip;]","og_url":"https:\/\/www.inova-bau.de\/index.php\/services\/","og_site_name":"Inova Bau-Meisterbetrieb Handwerker Klempner Hamburg","article_modified_time":"2024-10-27T13:05:34+00:00","twitter_card":"summary_large_image","twitter_misc":{"Gesch\u00e4tzte Lesezeit":"2\u00a0Minuten"},"schema":{"@context":"https:\/\/schema.org","@graph":[{"@type":"WebPage","@id":"https:\/\/www.inova-bau.de\/index.php\/services\/","url":"https:\/\/www.inova-bau.de\/index.php\/services\/","name":"Services - Inova Bau-Meisterbetrieb Handwerker Klempner Hamburg","isPartOf":{"@id":"https:\/\/www.inova-bau.de\/#website"},"datePublished":"2016-01-11T06:48:20+00:00","dateModified":"2024-10-27T13:05:34+00:00","breadcrumb":{"@id":"https:\/\/www.inova-bau.de\/index.php\/services\/#breadcrumb"},"inLanguage":"de","potentialAction":[{"@type":"ReadAction","target":["https:\/\/www.inova-bau.de\/index.php\/services\/"]}]},{"@type":"BreadcrumbList","@id":"https:\/\/www.inova-bau.de\/index.php\/services\/#breadcrumb","itemListElement":[{"@type":"ListItem","position":1,"name":"Home","item":"https:\/\/www.inova-bau.de\/"},{"@type":"ListItem","position":2,"name":"Services"}]},{"@type":"WebSite","@id":"https:\/\/www.inova-bau.de\/#website","url":"https:\/\/www.inova-bau.de\/","name":"Inova Bau-Meisterbetrieb Handwerker Klempner Hamburg","description":"Heizung- Luftung-Sanit\u00e4r- Handwerker-Meisterbetrieb-Ali Barmaksiz","potentialAction":[{"@type":"SearchAction","target":{"@type":"EntryPoint","urlTemplate":"https:\/\/www.inova-bau.de\/?s={search_term_string}"},"query-input":{"@type":"PropertyValueSpecification","valueRequired":true,"valueName":"search_term_string"}}],"inLanguage":"de"}]}},"_links":{"self":[{"href":"https:\/\/www.inova-bau.de\/index.php\/wp-json\/wp\/v2\/pages\/15","targetHints":{"allow":["GET"]}}],"collection":[{"href":"https:\/\/www.inova-bau.de\/index.php\/wp-json\/wp\/v2\/pages"}],"about":[{"href":"https:\/\/www.inova-bau.de\/index.php\/wp-json\/wp\/v2\/types\/page"}],"author":[{"embeddable":true,"href":"https:\/\/www.inova-bau.de\/index.php\/wp-json\/wp\/v2\/users\/1"}],"replies":[{"embeddable":true,"href":"https:\/\/www.inova-bau.de\/index.php\/wp-json\/wp\/v2\/comments?post=15"}],"version-history":[{"count":8,"href":"https:\/\/www.inova-bau.de\/index.php\/wp-json\/wp\/v2\/pages\/15\/revisions"}],"predecessor-version":[{"id":1409,"href":"https:\/\/www.inova-bau.de\/index.php\/wp-json\/wp\/v2\/pages\/15\/revisions\/1409"}],"wp:attachment":[{"href":"https:\/\/www.inova-bau.de\/index.php\/wp-json\/wp\/v2\/media?parent=15"}],"curies":[{"name":"wp","href":"https:\/\/api.w.org\/{rel}","templated":true}]}}